{"id":447,"date":"2025-02-07T14:33:35","date_gmt":"2025-02-07T13:33:35","guid":{"rendered":"https:\/\/apeka.fr\/?page_id=447"},"modified":"2025-02-07T14:34:02","modified_gmt":"2025-02-07T13:34:02","slug":"cgv","status":"publish","type":"page","link":"https:\/\/apeka.fr\/index.php\/cgv\/","title":{"rendered":"CGV"},"content":{"rendered":"\t\t<div data-elementor-type=\"wp-page\" data-elementor-id=\"447\" class=\"elementor elementor-447\">\n\t\t\t\t<div class=\"elementor-element elementor-element-c61a41f e-flex e-con-boxed e-con e-parent\" data-id=\"c61a41f\" data-element_type=\"container\">\n\t\t\t\t\t<div class=\"e-con-inner\">\n\t\t\t\t<div class=\"elementor-element elementor-element-ed3651b elementor-widget elementor-widget-text-editor\" data-id=\"ed3651b\" data-element_type=\"widget\" data-widget_type=\"text-editor.default\">\n\t\t\t\t<div class=\"elementor-widget-container\">\n\t\t\t<style>\/*! elementor - v3.21.0 - 30-04-2024 *\/\n.elementor-widget-text-editor.elementor-drop-cap-view-stacked .elementor-drop-cap{background-color:#69727d;color:#fff}.elementor-widget-text-editor.elementor-drop-cap-view-framed .elementor-drop-cap{color:#69727d;border:3px solid;background-color:transparent}.elementor-widget-text-editor:not(.elementor-drop-cap-view-default) .elementor-drop-cap{margin-top:8px}.elementor-widget-text-editor:not(.elementor-drop-cap-view-default) .elementor-drop-cap-letter{width:1em;height:1em}.elementor-widget-text-editor .elementor-drop-cap{float:left;text-align:center;line-height:1;font-size:50px}.elementor-widget-text-editor .elementor-drop-cap-letter{display:inline-block}<\/style>\t\t\t\t<p class=\"s3\"><span class=\"s2\">Conditions G\u00e9n\u00e9rales de Vente &#8211; APEKA<\/span><\/p><p>Mise \u00e0 jour : 05\/02\/2025<\/p><p class=\"s5\"><span class=\"s4\">Article 1 &#8211; Objet<\/span><\/p><p>Les pr\u00e9sentes Conditions G\u00e9n\u00e9rales de Vente (CGV) ont pour objet de d\u00e9finir les droits et obligations de la soci\u00e9t\u00e9 APEKA et de ses clients dans le cadre de la vente de ses prestations de services, incluant la cr\u00e9ation de sites internet, le r\u00e9f\u00e9rencement, le d\u00e9veloppement de logiciels, la transformation digitale, l&rsquo;analyse de donn\u00e9es et la chefferie de projet.<\/p><p class=\"s5\"><span class=\"s4\">Article 2 &#8211; Acceptation des Conditions G\u00e9n\u00e9rales de Vente<\/span><\/p><p>Toute commande pass\u00e9e \u00e0 APEKA implique l&rsquo;acceptation sans r\u00e9serve des pr\u00e9sentes CGV. Ces derni\u00e8res pr\u00e9valent sur tout autre document, y compris les conditions g\u00e9n\u00e9rales d&rsquo;achat du client, sauf accord d\u00e9rogatoire \u00e9crit et sign\u00e9 par les deux parties.<\/p><p class=\"s5\"><span class=\"s4\">Article 3 &#8211; Commandes<\/span><\/p><p>Les commandes doivent \u00eatre confirm\u00e9es par \u00e9crit et sign\u00e9es par le client. Toute modification de commande doit faire l&rsquo;objet d&rsquo;un accord \u00e9crit des deux parties. Les livrables interm\u00e9diaires devront \u00eatre valid\u00e9s par le client dans un d\u00e9lai de 5 jours ouvr\u00e9s suivant leur r\u00e9ception ; \u00e0 d\u00e9faut de r\u00e9ponse, ils seront consid\u00e9r\u00e9s comme accept\u00e9s.<\/p><p class=\"s5\"><span class=\"s4\">Article 4 &#8211; Tarifs et Paiement<\/span><\/p><p>Les prix des prestations sont indiqu\u00e9s en euros et sont hors taxes. Un acompte de 60 % du montant total est exigible \u00e0 la signature du devis. Cet acompte est non remboursable en cas d&rsquo;annulation de la commande par le client, quelle qu\u2019en soit la cause.<\/p><p>Le solde devra \u00eatre r\u00e9gl\u00e9 \u00e0 la livraison de la prestation. Tout retard de paiement entra\u00eenera l&rsquo;application de p\u00e9nalit\u00e9s calcul\u00e9es au taux d&rsquo;int\u00e9r\u00eat l\u00e9gal major\u00e9 de 10 points, ainsi qu&rsquo;une indemnit\u00e9 forfaitaire de 40 \u20ac pour frais de recouvrement, conform\u00e9ment \u00e0 la l\u00e9gislation en vigueur.<\/p><p class=\"s5\"><span class=\"s4\">Article 5 &#8211; D\u00e9lais de R\u00e9alisation<\/span><\/p><p>Les d\u00e9lais de r\u00e9alisation sont donn\u00e9s \u00e0 titre indicatif sauf engagement \u00e9crit sp\u00e9cifique. APEKA se r\u00e9serve le droit de suspendre la prestation en cas de non-paiement des \u00e9ch\u00e9ances pr\u00e9vues. En cas de retard imputable \u00e0 APEKA, des p\u00e9nalit\u00e9s pourront \u00eatre n\u00e9goci\u00e9es par avenant au contrat.<\/p><p class=\"s5\"><span class=\"s4\">Article 6 &#8211; Responsabilit\u00e9<\/span><\/p><p>APEKA s&rsquo;engage \u00e0 fournir ses prestations avec diligence et professionnalisme. La responsabilit\u00e9 de APEKA est limit\u00e9e au montant total de la prestation concern\u00e9e. Elle ne saurait \u00eatre engag\u00e9e en cas de force majeure, de cyberattaques, de pannes r\u00e9seau, ou de faute imputable au client.<\/p><p class=\"s5\"><span class=\"s4\">Article 7 &#8211; Propri\u00e9t\u00e9 Intellectuelle<\/span><\/p><p>Tous les contenus, documents et livrables r\u00e9alis\u00e9s par APEKA restent sa propri\u00e9t\u00e9 jusqu&rsquo;au paiement int\u00e9gral des sommes dues. Les droits de propri\u00e9t\u00e9 intellectuelle sont transf\u00e9r\u00e9s au client uniquement apr\u00e8s r\u00e8glement complet de la prestation.<\/p><p class=\"s5\"><span class=\"s4\">Article 8 &#8211; Confidentialit\u00e9<\/span><\/p><p>APEKA et le client s&rsquo;engagent \u00e0 conserver la confidentialit\u00e9 des informations \u00e9chang\u00e9es dans le cadre de la prestation. Cette obligation perdure pendant 3 ans apr\u00e8s la fin de la prestation.<\/p><p class=\"s5\"><span class=\"s4\">Article 9 &#8211; Litiges et Droit Applicable<\/span><\/p><p>Les pr\u00e9sentes CGV sont soumises au droit andorran. En cas de litige, une solution amiable sera recherch\u00e9e avant toute action en justice. \u00c0 d\u00e9faut d\u2019accord amiable, les tribunaux comp\u00e9tents d&rsquo;Andorre seront seuls comp\u00e9tents.<\/p><p class=\"s5\"><span class=\"s4\">Article 10 &#8211; Clause de Force Majeure<\/span><\/p><p>APEKA ne saurait \u00eatre tenue responsable des retards ou inex\u00e9cutions dus \u00e0 des \u00e9v\u00e9nements de force majeure, incluant des cyberattaques, des pannes techniques majeures, ou des crises sanitaires.<\/p><p class=\"s5\"><span class=\"s4\">Article 11 &#8211; Clause de Non-Sollicitation<\/span><\/p><p>Le client s&rsquo;engage \u00e0 ne pas solliciter ou recruter directement ou indirectement un collaborateur de APEKA ayant particip\u00e9 \u00e0 la prestation pendant la dur\u00e9e du contrat et pendant une p\u00e9riode de 12 mois apr\u00e8s la fin de celui-ci. En cas de non-respect, une indemnit\u00e9 \u00e9quivalente \u00e0 6 mois de r\u00e9mun\u00e9ration brute du collaborateur sera due \u00e0 APEKA.<\/p>\t\t\t\t\t\t<\/div>\n\t\t\t\t<\/div>\n\t\t\t\t\t<\/div>\n\t\t\t\t<\/div>\n\t\t\t\t<\/div>\n\t\t","protected":false},"excerpt":{"rendered":"<p>Conditions G\u00e9n\u00e9rales de Vente &#8211; APEKA Mise \u00e0 jour : 05\/02\/2025 Article 1 &#8211; Objet Les pr\u00e9sentes Conditions G\u00e9n\u00e9rales de Vente (CGV) ont pour objet de d\u00e9finir les droits et obligations de la soci\u00e9t\u00e9 APEKA et de ses clients dans le cadre de la vente de ses prestations de services, incluant la cr\u00e9ation de sites [&hellip;]<\/p>\n","protected":false},"author":1,"featured_media":0,"parent":0,"menu_order":0,"comment_status":"closed","ping_status":"closed","template":"","meta":{"footnotes":""},"class_list":["post-447","page","type-page","status-publish","hentry"],"aioseo_notices":[],"_links":{"self":[{"href":"https:\/\/apeka.fr\/index.php\/wp-json\/wp\/v2\/pages\/447","targetHints":{"allow":["GET"]}}],"collection":[{"href":"https:\/\/apeka.fr\/index.php\/wp-json\/wp\/v2\/pages"}],"about":[{"href":"https:\/\/apeka.fr\/index.php\/wp-json\/wp\/v2\/types\/page"}],"author":[{"embeddable":true,"href":"https:\/\/apeka.fr\/index.php\/wp-json\/wp\/v2\/users\/1"}],"replies":[{"embeddable":true,"href":"https:\/\/apeka.fr\/index.php\/wp-json\/wp\/v2\/comments?post=447"}],"version-history":[{"count":4,"href":"https:\/\/apeka.fr\/index.php\/wp-json\/wp\/v2\/pages\/447\/revisions"}],"predecessor-version":[{"id":452,"href":"https:\/\/apeka.fr\/index.php\/wp-json\/wp\/v2\/pages\/447\/revisions\/452"}],"wp:attachment":[{"href":"https:\/\/apeka.fr\/index.php\/wp-json\/wp\/v2\/media?parent=447"}],"curies":[{"name":"wp","href":"https:\/\/api.w.org\/{rel}","templated":true}]}}